isor of v and 16?
16
Suppose l = m - 0*m - 5, 2*m + 18 = -5*l. Let d be l/((-10)/(-8) - 6/4). Calculate the highest common factor of 1 and d.
1
Suppose 7296 = 3*z - 12*j + 6*j, -2*z = j - 4859. What is the greatest common factor of 10 and z?
10
Suppose -2*r + 0*r + 260 = 0. Let z(g) = g**3 + 12*g**2 - 75*g - 606. Let f be z(-14). What is the highest common divisor of r and f?
26
Let l be (-40)/(-6)*(-18)/(-15). Suppose -26 = -2*q + 102. Calculate the greatest common divisor of l and q.
8
Let z = 793 + -521. Calculate the highest common factor of z and 102.
34
Let q = -4 - -4. Suppose q = 3*t - 0*t + m - 116, -m + 196 = 5*t. Let g(h) = -6*h - 2. Let y be g(-2). What is the highest common factor of y and t?
10
Let p(n) = n**2 + 8*n + 8. Let k be p(-7). Let x be (-33)/(k*(-3)/2). Let u = 559 + -493. Calculate the highest common divisor of u and x.
22
Let q(u) = -118*u - 166. Let a be q(-5). Calculate the greatest common factor of 53 and a.
53
Let g be 2/(-5)*35/(-28)*-2. Let x be (2 + -1)*g - 16/(-1). Suppose 4*k = q - 153, -5*k + 840 = 8*q - 3*q. What is the highest common divisor of q and x?
15
Suppose 8*k + 99 = 11. Let g be -2*(k + -4 + 8). Let o = 1 - -13. Calculate the highest common divisor of g and o.
14
Suppose c - 6 = 2*c. Let d = 20 + c. Let n = 20495 - 20383. Calculate the greatest common divisor of d and n.
14
Let s be (-42)/4*(6 - (-460)/(-70)). Suppose 0 = 4*j + 4*x - 200, 0*j = 4*j + 5*x - 202. Calculate the greatest common factor of j and s.
6
Let p = -63 + 183. Let o = p - 65. Calculate the greatest common factor of o and 5.
5
Let v(w) = 6*w - 6. Let f be v(5). Let u be ((-18)/2)/(2/(-2)). Let c = 33 - u. What is the greatest common divisor of f and c?
24
Let y = -296 - -475. Suppose -2*t + 2*d - 49 + y = 0, 4*t - 3*d - 258 = 0. Suppose -t = 4*a - 199. Calculate the highest common factor of 17 and a.
17
Let g(q) = 6*q**2 + 34*q + 132. Let n be g(-18). Calculate the highest common factor of 24 and n.
24
Suppose 4*y + 194 = -5*s, 3*y = -2*s - 2*y - 64. Let h = -9 - s. Suppose -249 = -57*q + 378. Calculate the greatest common divisor of h and q.
11
